{"id":109,"date":"2025-11-21T08:00:42","date_gmt":"2025-11-21T08:00:42","guid":{"rendered":"http:\/\/localhost\/opodis\/?post_type=product&#038;p=109"},"modified":"2026-02-07T00:06:38","modified_gmt":"2026-02-06T17:06:38","slug":"sp4","status":"publish","type":"product","link":"http:\/\/opodispharma.com\/index.php\/product\/sp4\/","title":{"rendered":"PHYTOGYNO DAILY"},"content":{"rendered":"","protected":false},"excerpt":{"rendered":"<p>Phytogyno Daily \u2013 Dung d\u1ecbch v\u1ec7 sinh ph\u1ee5 n\u1eef h\u1eb1ng ng\u00e0y \u0111\u1ebfn t\u1eeb Opodis Pharma, gi\u00fap l\u00e0m s\u1ea1ch d\u1ecbu nh\u1eb9, d\u01b0\u1ee1ng \u1ea9m v\u00e0 kh\u1eed m\u00f9i hi\u1ec7u qu\u1ea3. C\u00f4ng th\u1ee9c ch\u1ee9a Alpha-Terpineol (t\u1eeb tinh d\u1ea7u tr\u00e0m thi\u00ean nhi\u00ean) k\u1ebft h\u1ee3p d\u1ea7u Oliu, vitamin E v\u00e0 vitamin B5, ph\u00f9 h\u1ee3p s\u1eed d\u1ee5ng h\u1eb1ng ng\u00e0y cho ph\u1ee5 n\u1eef hi\u1ec7n \u0111\u1ea1i.<\/p>\n<p>Quy c\u00e1ch s\u1ea3n ph\u1ea9m: Chai 100ml v\u00e0 250ml<br \/>\nS\u1ed1 CBMP: 02\/25\/CBMP-TN<\/p>\n","protected":false},"featured_media":767,"comment_status":"open","ping_status":"closed","template":"","meta":{"_acf_changed":false},"product_brand":[],"product_cat":[16,19],"product_tag":[],"class_list":{"0":"post-109","1":"product","2":"type-product","3":"status-publish","4":"has-post-thumbnail","6":"product_cat-san-pham","7":"product_cat-cham-soc-me-va-be","9":"first","10":"instock","11":"shipping-taxable","12":"product-type-simple"},"acf":[],"_links":{"self":[{"href":"http:\/\/opodispharma.com\/index.php\/wp-json\/wp\/v2\/product\/109","targetHints":{"allow":["GET"]}}],"collection":[{"href":"http:\/\/opodispharma.com\/index.php\/wp-json\/wp\/v2\/product"}],"about":[{"href":"http:\/\/opodispharma.com\/index.php\/wp-json\/wp\/v2\/types\/product"}],"replies":[{"embeddable":true,"href":"http:\/\/opodispharma.com\/index.php\/wp-json\/wp\/v2\/comments?post=109"}],"wp:featuredmedia":[{"embeddable":true,"href":"http:\/\/opodispharma.com\/index.php\/wp-json\/wp\/v2\/media\/767"}],"wp:attachment":[{"href":"http:\/\/opodispharma.com\/index.php\/wp-json\/wp\/v2\/media?parent=109"}],"wp:term":[{"taxonomy":"product_brand","embeddable":true,"href":"http:\/\/opodispharma.com\/index.php\/wp-json\/wp\/v2\/product_brand?post=109"},{"taxonomy":"product_cat","embeddable":true,"href":"http:\/\/opodispharma.com\/index.php\/wp-json\/wp\/v2\/product_cat?post=109"},{"taxonomy":"product_tag","embeddable":true,"href":"http:\/\/opodispharma.com\/index.php\/wp-json\/wp\/v2\/product_tag?post=109"}],"curies":[{"name":"wp","href":"https:\/\/api.w.org\/{rel}","templated":true}]}}