{"id":44,"date":"2025-11-21T07:50:36","date_gmt":"2025-11-21T07:50:36","guid":{"rendered":"http:\/\/localhost\/opodis\/?post_type=product&#038;p=44"},"modified":"2026-02-07T00:13:49","modified_gmt":"2026-02-06T17:13:49","slug":"sp1","status":"publish","type":"product","link":"http:\/\/opodispharma.com\/index.php\/product\/sp1\/","title":{"rendered":"Tinh D\u1ea7u Khuynh Di\u1ec7p Thi\u00ean \u1ea4n"},"content":{"rendered":"","protected":false},"excerpt":{"rendered":"<p>Tinh D\u1ea7u Khuynh Di\u1ec7p Thi\u00ean \u1ea4n \u2013 s\u1ea3n ph\u1ea9m 100% tinh d\u1ea7u khuynh di\u1ec7p thi\u00ean nhi\u00ean c\u1ee7a Opodis Pharma, \u0111\u01b0\u1ee3c \u0111\u1eb7c ch\u1ebf d\u00e0nh cho m\u1eb9 v\u00e0 b\u00e9, gi\u00fap ph\u00f2ng b\u1ec7nh, gi\u1eef \u1ea5m v\u00e0 b\u1ea3o v\u1ec7 s\u1ee9c kh\u1ecfe an to\u00e0n, t\u1ef1 nhi\u00ean.<br \/>\nH\u00e0m l\u01b0\u1ee3ng Eucalyptol &gt;= 85% ; Alpha-Terpineol &gt;= 0,5%<\/p>\n<p>\u0110\u00f3ng g\u00f3i: Chai 30ml<br \/>\nS\u1ed1 CBMP: 06\/24\/CBMP-TN<\/p>\n","protected":false},"featured_media":228,"comment_status":"open","ping_status":"closed","template":"","meta":{"_acf_changed":false},"product_brand":[],"product_cat":[16,24],"product_tag":[],"class_list":{"0":"post-44","1":"product","2":"type-product","3":"status-publish","4":"has-post-thumbnail","6":"product_cat-san-pham","7":"product_cat-tinh-dau","9":"first","10":"instock","11":"shipping-taxable","12":"product-type-simple"},"acf":[],"_links":{"self":[{"href":"http:\/\/opodispharma.com\/index.php\/wp-json\/wp\/v2\/product\/44","targetHints":{"allow":["GET"]}}],"collection":[{"href":"http:\/\/opodispharma.com\/index.php\/wp-json\/wp\/v2\/product"}],"about":[{"href":"http:\/\/opodispharma.com\/index.php\/wp-json\/wp\/v2\/types\/product"}],"replies":[{"embeddable":true,"href":"http:\/\/opodispharma.com\/index.php\/wp-json\/wp\/v2\/comments?post=44"}],"wp:featuredmedia":[{"embeddable":true,"href":"http:\/\/opodispharma.com\/index.php\/wp-json\/wp\/v2\/media\/228"}],"wp:attachment":[{"href":"http:\/\/opodispharma.com\/index.php\/wp-json\/wp\/v2\/media?parent=44"}],"wp:term":[{"taxonomy":"product_brand","embeddable":true,"href":"http:\/\/opodispharma.com\/index.php\/wp-json\/wp\/v2\/product_brand?post=44"},{"taxonomy":"product_cat","embeddable":true,"href":"http:\/\/opodispharma.com\/index.php\/wp-json\/wp\/v2\/product_cat?post=44"},{"taxonomy":"product_tag","embeddable":true,"href":"http:\/\/opodispharma.com\/index.php\/wp-json\/wp\/v2\/product_tag?post=44"}],"curies":[{"name":"wp","href":"https:\/\/api.w.org\/{rel}","templated":true}]}}